valuate 3 - 3 - 36 - (145 - 150).
-31
What is -23 - -27 - (-2 + 1 + 0 - -13)?
-8
Evaluate -2 - -9 - ((-10 - -2) + 7).
8
7 + (-25 + 17 - (1 - 16)) + -4
10
-36 - -26 - 21 - -44
13
-7 - (-5 - (17 - 7))
8
Evaluate -7 + 5 - (-41 + 49).
-10
13 + (-14 - (26 + -43))
16
Evaluate 6 + (3 - 9) + -8 + -33.
-41
What is the value of -17 + 14 + 15 + -15 + 6?
3
What is the value of -32 + -25 + (51 - 19)?
-25
What is 29 - -11 - 32 - (10 + 1)?
-3
What is the value of 1 + (2 - -1) + -37 + 49 - 6?
10
What is -16 + 16 + (1 - 9) + -3?
-11
What is the value of -4 + (1 - -7 - 2) + (2 - -1)?
5
What is the value of (-15 - -31) + -2 - (4 + 0)?
10
-4 + 1 - 5 - -11
3
Evaluate -38 - (0 - 6 - (-98 + 83) - 12).
-35
What is 5 + -2 + 6 + -3 + -9?
-3
What is -10 - (-6 - (5 + -4))?
-3
Evaluate 35 + -24 + 18 - 23.
6
Evaluate -5 - (1 + -7 + (2 - -2)) - -18.
15
What is the value of (-3 - (-1 + -14 + 3)) + -4 + -6?
-1
What is the value of 0 - (8 + -18 + 15) - (-2 + 10)?
-13
What is (10 - (0 - (-1 + 2))) + (116 - 117)?
10
What is the value of -25 + 31 + -3 + (7 - (0 - -1))?
9
Evaluate -519 + 480 - (-1 - 43).
5
Calculate 11 - (-3 + 7 + -10 + 3) - -2.
16
Evaluate 5 + 1 + (-6 - (-10 + 1)) + -32.
-23
Evaluate 10 + 47 + -21 + -7 + -4 + -10.
15
Calculate 5 - (-7 - (-2 + 1 + -13) - 7).
5
4 + -2 - (56 - 48)
-6
What is -4 - -2 - (23 - 10 - 29)?
14
Evaluate (138 - 144 - (-10 - 1) - 8) + -3.
-6
Evaluate -19 - ((-47 - -42) + 2 + 1).
-17
What is 13 + (2 - (4 + (3 - -1) - 9))?
16
6 - (5 + (-5 - -4) + 5) - 3
-6
(4 - -1) + 10 + -6 + -8 + -1
0
(62 + -31 - -5) + (2 - 15) + 3
26
What is (-6 - -3 - 3) + 11 + 1 + -9?
-3
(9 - (12 - (3 + -10))) + -10
-20
What is the value of -3 - -15 - (14 - 3)?
1
Calculate 12 + -9 + -3 + 13 + -2.
11
Calculate (14 - 24) + 1 + 1 + 1.
-7
-2 - (-10 - -6 - 13)
15
What is the value of (-14 + -2 - (-68 + 61)) + 8?
-1
What is -87 + 88 - (4 + -1 + 2)?
-4
What is the value of -5 + (8 - 8 - 2) - 3?
-10
What is the value of (-1 - (3 - 13)) + (4 - 5 - -4)?
12
Calculate 7 + -2 + 3 - (40 + -53).
21
What is -8 + -7 + 56 - 69?
-28
What is -4 + 2 + 1 - (755 - 756)?
0
-2 - 7 - (-22 - (-39 - -9))
-17
-10 - (-50 + 30 + -2)
12
What is the value of (-15 - (-19 + 16)) + 21 - (-1 + 33)?
-23
What is the value of -11 + -27 + 12 + 33?
7
Evaluate 14 + -9 + 5 - (27 - 11).
-6
Evaluate -13 - (-3 - (12 + -15)).
-13
What is the value of 14 - (39 - -14 - 22)?
-17
Evaluate -43 + 39 - (-2 - -7).
-9
What is the value of (0 - 0) + 5 + (17 - 20 - -9)?
11
4 + 30 + -165 + 139
8
Evaluate -20 + (9 - 1 - (-8 + 9)).
-13
Evaluate -1 + -11 + (33 + -12 - -13).
22
What is (1 - -5) + 7 - 8 - -7 - -2?
14
What is 27 + -7 - (-159 + 167)?
12
What is 5 - (23 + -15) - (-2 + 9 + 2)?
-12
Evaluate -11 - (-14 - 11 - -16 - (-1 - -2)).
-1
543 + -509 - (-1 - -33)
2
9 - ((0 - 5) + 27)
-13
What is -3 - ((6 + -15 - -10) + 0 + -5)?
1
-8 + (5 + -1 - (-2 - 5 - 15))
18
What is -1 + (-40 - -16) + 47?
22
Calculate 9 - -1 - (8 - -6 - 9).
5
Evaluate 2156 - 2146 - (-4 - -2 - 5 - 0).
17
2 - (-22 + 17 + 12)
-5
What is the value of -21 - (7 + -5 + 1 + -8)?
-16
Calculate (28 - 5) + 34 + -36.
21
What is -7 - (2 + 5 - (-11 + 11 + 1))?
-13
What is the value of (9 - (0 + 13)) + -4?
-8
Calculate -6 + 0 + -11 + (5 - 4) + 4.
-12
-109 - -104 - (2 + 0)
-7
(5 - -13) + -46 + 26 - (-21 - -1)
18
Calculate 45 + -46 + 20 - 24.
-5
What is (4 - (15 + -4)) + (-2 + 7 - 2)?
-4
Calculate (6 - (-32 - -15)) + -48.
-25
Evaluate 7 - 1 - ((-2 - -14) + -6 - 7).
7
Evaluate 12 - (-8 + 5 + -27 + 21).
21
Evaluate -10 + (19 - 27) + (-2 - -21).
1
Evaluate (3 - -1) + -3 + -3 + -1 + 14.
11
What is the value of 4 - (-11 - (3 - 7))?
11
What is -72 - -117 - (28 + 0)?
17
Evaluate (5 - 17 - -7) + 0 + 8 + 14.
17
-20 - (-87 - -31) - -1
37
What is the value of -19 - -29 - (7 + -2)?
5
What is 13 + 4 + 7 + -13?
11
What is the value of 5 + (7 - 21) + 8 - (2 - -2)?
-5
-1 + 3 - (289 + -277)
-10
What is 4 + (27 - (-38 - -53))?
16
Calculate (0 - -20) + (-14 - 48 - -55).
13
Calculate -30 + 32 + 1 + -9.
-6
What is 21 + 15 + -34 - (1 + -3 - 6)?
10
What is 0 + -1 + (-94 - -76) - -7?
-12
Evaluate 2 + (38 + -62 - (0 - 1)).
-21
What is 4 + 1 - (1 - (27 + -11) - -11)?
9
What is 113 - 97 - (40 + -1)?
-23
Evaluate -4 - (-14 + 11) - (-8 - -20).
-13
What is the value of 3 + -2 + -11 + -5 + 3?
-12
Evaluate 22 + 0 + -14 + 1.
9
Evaluate -5 + 3 + -11 + 1 + 1.
-11
Calculate -5 + (-8 - -26) - -1 - 2.
12
(-8 - -17 - 8) + 3 + -14
-10
(11 - (42 - 23)) + (0 - (2 + -2))
-8
What is the value of (-25 - (1 + -5 + 2)) + (-430 - -431)?
-22
Evaluate 27 - -23 - 23 - (5 - -2).
20
What is (-16 - (11 + -7 + -8)) + 1?
-11
What is -19 + 35 + -24 + (2 - 12)?
-18
Calculate (-7 - 2) + 6 + 12 + -14 + 1.
-4
Evaluate 24 - (19 + 22 + -25).
8
Evaluate -8 - -6 - (-1 - 3 - -2).
0
Calculate 5 - (-3 + 3 + -4).
9
1 + 6 + 1 + (-410 - -410)
8
Evaluate (15 - (-26 + 0)) + -6 + -16.
19
Calculate 21 + -8 + (82 - 61).
34
(-1 - -6) + 28 + -46
-13
Evaluate 9 + -2 + -15 + 14.
6
Evaluate 11 - (0 + 4) - 3 - -5.
9
Calculate -15 - -2 - (22 + -29 + -15 + 31).
-22
-6 - -1 - (145 - 155)
5
Evaluate 31 - (-20 - -77) - -17.
-9
What is 1 - (1 + 25) - (-7 + (33 - 25))?
-26
Calculate 9 - (-7 - -2) - 8 - 6.
0
What is (-5 + 3 + -11 - -16) + -14?
-11
Calculate (-26 - -36) + 2 + 2 - 2.
12
What is the value of (33 - 47) + 26 - (16 + 1)?
-5
What is 27 - ((-332 - -336) + (0 - (11 - -1)))?
35
Calculate (15 + -10 - -7) + -2 + 16.
26
Calculate -8 - (5 - (3 - 8 - -18)).
0
Evaluate 16 + -10 + (3 - 13).
-4
Evaluate -9 + 22 + (6 + 11 - 20).
10
6 + (7 - 20) + (1 - 5)
-11
Evaluate -3 + (-4 - (-3 - 23)) - (-144 - -138).
25
What is 79 + -44 + 0 + 1?
36
Evaluate -2 + 2 + (-4 - -1 - (-56 + 51)).
2
What is the value of ((-5 - -9) + -5 - -4) + -3 + 0?
0
Calculate -13 - (18 + 4 - 5 - 13).
-17
Evaluate -5 + (0 - -14) + -9.
0
-14 + (12 - -12) - (17 - 0)
-7
Evaluate -8 - (10 + -17 + -12 - 1).
12
What is (0 - (-3 - 1) - 30) + (28 - 20)?
-18
4 - 2 - 3 - (41 + -41)
-1
Calculate 0 + -15 + 25 + -8.
2
What is (-1 - -1) + 0 - (334 - 324)?
-10
What is the value of (-31 - -22) + (-8 - 0 - 7)?
-24
What is 2 + (38 + -41 - (-10 + 1)) + 8?
16
Calculate 10 + -3 + -15 + 7 - 5.
-6
What is (14 - -2) + (44 - 49)?
11
What is 35 + -1 + 13 - 20?
27
What is the value of 0 + 1 - -1 - (36 + -20 - 24)?
10
Calculate (-16 - -2) + 27 + -13.
0
What is 10 + (-7 - 12) + -6 + -11?
-26
(2 - -1) + (-6 + 10 + 1 - 11)
-3
-6 + -12 + -3 + 5 + -2
-18
Calculate (27 - 24) + (0 + -2 - -1).
2
(-1 - -2) + 18 - 11
8
What is the value of (15 - 32) + 44 - 6?
21
What is the value of 92 + -83 + 14 + -55?
-32
Evaluate (41 - 1) + (-37 - -86) + -64.
25
Evaluate -39 + (11 + 3 - -16 - 15).
-24
39 - (6 + 23 - 16)
26
What is -4 - 16 - (16 + -51)?
15
What is -6 + 2 + (-65 - -80) + 9?
20
What is the value of 8 + (-6 - 2) + 5 + -5?
0
Evaluate -254 + 245 - (2 - 0).
-11
Evaluate (0 + -3 - -8) + (-1 - 6) + 0.
-2
(0 - 4) + -1 - (-77 + 77)
-5
Evaluate -5 - (-8 + -7) - 3 - (13 - 2).
-4
Evaluate 3 + -4 + (-44 - -33) + 27.
15
What is the value of 221 - 208 - (8 - -2)?
3
Evaluate -7 - (17 + -27 + 8 - (9 - 1)).
3
Calculate 17 + -7 + (3 - 3) + -1 - 43.
-34
Evaluate -31 - (-28 + 30 + -14).
-19
What is the value of 1 - (49 + -21) - -11?
-16
Calculate (-1 - (-1 - 0)) + (107 + -75 - 33).
-1
What is (61 - 64) + (1 - (2 - 2))?
-2
What is the value of 4 - ((8 - -2) + -10 - (-3 + 2))?
3
Evaluate (-11 - -2) + (-5 - -28) - (-1 + 7).
8
Evaluate 39 + -35 + (0 + -2 - (7 - 1)).
-4
What is 1 - 6 - (5 + -18)?
8
Evaluate (12 - 3) + (1 - 6) - (6 + -6).
4
What is the value of 11 + 21 + -60 + 23?
-5
-8 + (-3 - (2 - (-7 + 15)))
-5
5 + -6 + (1 - -6) + -8
-2
(-8 - 1 - (4 - 0)) + (-10 - -12)
-11
Calculate -14 + 0 + -1 + 3 - (-41 + 44).
-15
-1 - (4 + -40 - -15 - -9)
11
Calculate (84 - 33 - -6) + -30.
27
-12 + 0 + (-16 - -11) + 8 - 5
-14
What is the value of (4 - (5 - 14)) + -22?
-9
What is the value of -12 + 2 - (6 - (38 - (-20 + 22)))?
20
Evaluate 3 + (2 + 4 - 9) + 4 + -21.
-17
Calculate 8 - (-1 + 47 + -25).
-13
What is 1 + -1 + (-1 - -4) + -4?
-1
(1 - -25) + 15 + -12 + -14
15
What is the value of -17 - (23 + -10 + -14)?
-16
Evaluate -12 - (-8 - (2 - 15)).
-17
What is the value of (-2 - 18) + (-17 + 49 - 27)?
-15
Evaluate 19 - (49 - 30) - (8 + -1 - -2).
-9
Evaluate 3 + -4 + -8 + 17 + -3.
5
(-2 - (3 + -14) - 5) + 2
6
What is (-2 + 1 - -3) + 5 + -8?
-1
What is the value of 29 - (-17 -